n 3347 is divided by 18?
17
What is the remainder when 267 is divided by 39?
33
What is the remainder when 503 is divided by 28?
27
What is the remainder when 104 is divided by 53?
51
Calculate the remainder when 281 is divided by 97.
87
What is the remainder when 441 is divided by 39?
12
Calculate the remainder when 2052 is divided by 3.
0
What is the remainder when 725 is divided by 715?
10
Calculate the remainder when 1501 is divided by 94.
91
What is the remainder when 15179 is divided by 110?
109
What is the remainder when 392 is divided by 6?
2
What is the remainder when 11932 is divided by 117?
115
What is the remainder when 1322 is divided by 108?
26
Calculate the remainder when 1284 is divided by 14.
10
What is the remainder when 2637 is divided by 15?
12
What is the remainder when 382 is divided by 96?
94
What is the remainder when 331 is divided by 299?
32
Calculate the remainder when 166 is divided by 19.
14
What is the remainder when 124 is divided by 37?
13
What is the remainder when 250 is divided by 44?
30
Calculate the remainder when 133 is divided by 25.
8
Calculate the remainder when 174 is divided by 60.
54
Calculate the remainder when 133 is divided by 27.
25
What is the remainder when 2738 is divided by 20?
18
Calculate the remainder when 61631 is divided by 192.
191
Calculate the remainder when 49 is divided by 34.
15
Calculate the remainder when 255 is divided by 24.
15
What is the remainder when 568 is divided by 115?
108
Calculate the remainder when 447 is divided by 149.
0
What is the remainder when 124 is divided by 8?
4
Calculate the remainder when 6825 is divided by 12.
9
What is the remainder when 326 is divided by 64?
6
Calculate the remainder when 928 is divided by 64.
32
Calculate the remainder when 54 is divided by 7.
5
Calculate the remainder when 16 is divided by 11.
5
Calculate the remainder when 558 is divided by 18.
0
Calculate the remainder when 628 is divided by 7.
5
Calculate the remainder when 1733 is divided by 5.
3
What is the remainder when 90 is divided by 78?
12
Calculate the remainder when 5986 is divided by 187.
2
What is the remainder when 899 is divided by 12?
11
What is the remainder when 562 is divided by 140?
2
What is the remainder when 159 is divided by 32?
31
What is the remainder when 14598 is divided by 292?
290
Calculate the remainder when 43 is divided by 8.
3
What is the remainder when 46 is divided by 30?
16
What is the remainder when 2067 is divided by 28?
23
Calculate the remainder when 212 is divided by 107.
105
Calculate the remainder when 18757 is divided by 67.
64
Calculate the remainder when 142 is divided by 103.
39
Calculate the remainder when 211 is divided by 27.
22
What is the remainder when 2001 is divided by 67?
58
What is the remainder when 708 is divided by 183?
159
What is the remainder when 10 is divided by 5?
0
What is the remainder when 5589 is divided by 50?
39
Calculate the remainder when 110 is divided by 4.
2
What is the remainder when 68 is divided by 5?
3
What is the remainder when 453 is divided by 129?
66
Calculate the remainder when 503 is divided by 7.
6
What is the remainder when 200 is divided by 110?
90
Calculate the remainder when 31138 is divided by 45.
43
Calculate the remainder when 1134 is divided by 354.
72
Calculate the remainder when 4603 is divided by 15.
13
What is the remainder when 426 is divided by 31?
23
What is the remainder when 32421 is divided by 84?
81
Calculate the remainder when 1033 is divided by 28.
25
Calculate the remainder when 4996 is divided by 98.
96
What is the remainder when 804 is divided by 397?
10
What is the remainder when 4357 is divided by 89?
85
Calculate the remainder when 457 is divided by 92.
89
Calculate the remainder when 1424 is divided by 46.
44
What is the remainder when 104 is divided by 7?
6
What is the remainder when 345 is divided by 226?
119
What is the remainder when 592 is divided by 85?
82
What is the remainder when 257 is divided by 37?
35
Calculate the remainder when 294 is divided by 11.
8
Calculate the remainder when 1630 is divided by 27.
10
Calculate the remainder when 449 is divided by 4.
1
What is the remainder when 276 is divided by 268?
8
Calculate the remainder when 3841 is divided by 4.
1
Calculate the remainder when 56 is divided by 2.
0
What is the remainder when 220 is divided by 74?
72
What is the remainder when 96 is divided by 32?
0
Calculate the remainder when 226 is divided by 38.
36
What is the remainder when 2509 is divided by 27?
25
What is the remainder when 761 is divided by 77?
68
What is the remainder when 811 is divided by 113?
20
What is the remainder when 1237 is divided by 21?
19
What is the remainder when 1014 is divided by 8?
6
Calculate the remainder when 330 is divided by 17.
7
What is the remainder when 80 is divided by 21?
17
Calculate the remainder when 34 is divided by 23.
11
What is the remainder when 332 is divided by 13?
7
What is the remainder when 135 is divided by 30?
15
Calculate the remainder when 249 is divided by 31.
1
Calculate the remainder when 3716 is divided by 6.
2
Calculate the remainder when 556 is divided by 13.
10
Calculate the remainder when 260 is divided by 9.
8
What is the remainder when 45 is divided by 16?
13
What is the remainder when 2243 is divided by 94?
81
Calculate the remainder when 983 is divided by 26.
21
What is the remainder when 479 is divided by 101?
75
What is the remainder when 1089 is divided by 42?
39
Calculate the remainder when 36 is divided by 19.
17
What is the remainder when 4599 is divided by 63?
0
What is the remainder when 339 is divided by 87?
78
Calculate the remainder when 521 is divided by 40.
1
What is the remainder when 251 is divided by 36?
35
Calculate the remainder when 647 is divided by 160.
7
Calculate the remainder when 1109 is divided by 26.
17
Calculate the remainder when 1143 is divided by 193.
178
Calculate the remainder when 364 is divided by 46.
42
Calculate the remainder when 142 is divided by 59.
24
What is the remainder when 121 is divided by 19?
7
What is the remainder when 46 is divided by 34?
12
Calculate the remainder when 101 is divided by 2.
1
What is the remainder when 2407 is divided by 28?
27
What is the remainder when 1757 is divided by 81?
56
What is the remainder when 14633 is divided by 287?
283
Calculate the remainder when 474 is divided by 155.
9
Calculate the remainder when 2101 is divided by 1009.
83
What is the remainder when 57 is divided by 17?
6
Calculate the remainder when 74 is divided by 18.
2
What is the remainder when 245 is divided by 207?
38
What is the remainder when 9595 is divided by 3195?
10
What is the remainder when 580 is divided by 552?
28
What is the remainder when 583 is divided by 45?
43
Calculate the remainder when 129 is divided by 68.
61
Calculate the remainder when 398 is divided by 192.
14
Calculate the remainder when 149 is divided by 127.
22
Calculate the remainder when 20680 is divided by 27.
25
What is the remainder when 476 is divided by 53?
52
What is the remainder when 222 is divided by 2?
0
What is the remainder when 535 is divided by 140?
115
Calculate the remainder when 772 is divided by 91.
44
What is the remainder when 1123 is divided by 347?
82
Calculate the remainder when 1279 is divided by 31.
8
What is the remainder when 7376 is divided by 38?
4
Calculate the remainder when 482 is divided by 121.
119
Calculate the remainder when 106 is divided by 81.
25
Calculate the remainder when 2180 is divided by 7.
3
Calculate the remainder when 3505 is divided by 1166.
7
Calculate the remainder when 14319 is divided by 16.
15
What is the remainder when 41 is divided by 21?
20
Calculate the remainder when 90 is divided by 64.
26
What is the remainder when 1262 is divided by 115?
112
What is the remainder when 222 is divided by 29?
19
Calculate the remainder when 321 is divided by 17.
15
Calculate the remainder when 85 is divided by 43.
42
Calculate the remainder when 789 is divided by 66.
63
What is the remainder when 377 is divided by 47?
1
What is the remainder when 415 is divided by 36?
19
Calculate the remainder when 755 is divided by 42.
41
What is the remainder when 79 is divided by 42?
37
Calculate the remainder when 3157 is d